{"id":146,"date":"2018-05-15T15:55:47","date_gmt":"2018-05-15T13:55:47","guid":{"rendered":"http:\/\/laemmle.org\/laeWP\/?page_id=146"},"modified":"2023-11-13T23:15:08","modified_gmt":"2023-11-13T22:15:08","slug":"146-2","status":"publish","type":"page","link":"https:\/\/laemmle.org\/laeWP\/146-2\/","title":{"rendered":"Anna-Mathilde"},"content":{"rendered":"<p><a href=\"https:\/\/laemmle.org\/laeWP\/wp-content\/uploads\/2018\/05\/Anna-Mathilde-Hist.pdf\"><img decoding=\"async\" loading=\"lazy\" class=\"alignleft wp-image-180\" src=\"http:\/\/laemmle.org\/laeWP\/wp-content\/uploads\/2018\/05\/Annabatch-300x300.jpg\" alt=\"\" width=\"211\" height=\"208\"><\/a><\/p>\n<\/p>\n<p><a href=\"https:\/\/laemmle.org\/laeWP\/wp-content\/uploads\/2018\/05\/Anna-Mathilde-Hist.pdf\"><em><strong>&nbsp;Historie der&nbsp; Anna-Mathilde<\/strong><\/em><\/a><\/p>\n<p><a href=\"https:\/\/laemmle.org\/laeWP\/anna-mathilde-bildergalerie\/\"><em><strong>Anna-Mathilde Bildergalerie<\/strong><\/em><\/a><\/p>\n<\/p>\n\n\n<h4 class=\"wp-block-heading\">Seit 11.08.2018 nicht mehr in unserer Obhut, verkauft an neuen Eigner, der leider nicht in der Lage war das Schiff geb\u00fchrend zu nutzen und zu pflegen.<br><br>Seit 10.08.2019 daher erneuter Eignerwechsel, wir w\u00fcnschen dem neuen Eigner mehr Gl\u00fcck bei der Nutzung und Instandhaltung. <\/h4>\n\n\n\n<h4 class=\"wp-block-heading\">Leider hat auch der neue Eigner, nach erfolgreicher Probefahrt unter meiner Anleitung,<br>beim ersten Eigenversuch die untere Pleuellagerspange zerbrochen. Ein reparabler Schaden, aber das Vertrauen in die alte Technik ist dahin und jetzt wird brachial versucht der alten Dame ein modernes Herz (PKW-Motor) einzusetzen. <br>Aus meiner Sicht ein riesiger Aufwand mit unsicherer Erfolgsaussicht.<br>Schade, schade, schade. <br><br>Im Herbst 2023 haben wir von der Scheich Werft erfahren, dass die Katastrophe nun perfekt ist. Unverm\u00f6gen und Beratungsresistenz haben dazu gef\u00fchrt, das der Motor f\u00f6rmlich herausgerissen wurde und dazu Teile des Oberdecks zerst\u00f6rt wurden. Weiter sind die Dilettanten nicht gekommen. Der Rest wurde dann \u00fcber Ebay-Kleinanzeige an den Heidepark Soltau ver\u00e4ussert.<\/h4>\n\n\n\n<h4 class=\"wp-block-heading\">13.11.2023 freundliche Mitarbeiter vom Heidepark Soltau haben uns zum Besuch in ihrer Tischlerwerkstatt eingeladen, wo wir den geschundenen Rest des einstmals stolzen Museumsschiffs wiedergefunden haben. Die alte Dame wird jetzt auf ein zweites Leben vorbereitet, um als zentral liegender Kutter im Fahrgesch\u00e4ft &#8222;K\u00e4ptn&#8217;s T\u00f6rn&#8220; als Attraktion zu dienen. Schweren Herzens haben wir noch einige Dinge geborgen, die f\u00fcr diese Zukunft nicht mehr ben\u00f6tigt werden.<br><br>Auch wenn es weh tut, sie hat ein neues Leben nach dem Tod gefunden und die neue Mannschaft k\u00fcmmert sich begeistert und wirklich liebevoll um ihr Fortbestehen. Wir freuen uns auf ein Wiedersehen im n\u00e4chsten Jahr in neuem Glanz.<br><\/h4>\n\n\n\n<p><\/p>\n","protected":false},"excerpt":{"rendered":"<p>&nbsp;Historie der&nbsp; Anna-Mathilde Anna-Mathilde Bildergalerie Seit 11.08.2018 nicht mehr in unserer Obhut, verkauft an neuen Eigner, der leider nicht in der Lage war das Schiff geb\u00fchrend zu nutzen und zu pflegen. Seit 10.08.2019 daher erneuter Eignerwechsel, wir w\u00fcnschen dem neuen Eigner mehr Gl\u00fcck bei der Nutzung und Instandhaltung. Leider hat auch der neue Eigner, nach &hellip; <\/p>\n<p class=\"link-more\"><a href=\"https:\/\/laemmle.org\/laeWP\/146-2\/\" class=\"more-link\"><span class=\"screen-reader-text\">\u201eAnna-Mathilde\u201c<\/span> weiterlesen<\/a><\/p>\n","protected":false},"author":1,"featured_media":173,"parent":0,"menu_order":0,"comment_status":"closed","ping_status":"closed","template":"","meta":{"footnotes":""},"_links":{"self":[{"href":"https:\/\/laemmle.org\/laeWP\/wp-json\/wp\/v2\/pages\/146"}],"collection":[{"href":"https:\/\/laemmle.org\/laeWP\/wp-json\/wp\/v2\/pages"}],"about":[{"href":"https:\/\/laemmle.org\/laeWP\/wp-json\/wp\/v2\/types\/page"}],"author":[{"embeddable":true,"href":"https:\/\/laemmle.org\/laeWP\/wp-json\/wp\/v2\/users\/1"}],"replies":[{"embeddable":true,"href":"https:\/\/laemmle.org\/laeWP\/wp-json\/wp\/v2\/comments?post=146"}],"version-history":[{"count":19,"href":"https:\/\/laemmle.org\/laeWP\/wp-json\/wp\/v2\/pages\/146\/revisions"}],"predecessor-version":[{"id":397,"href":"https:\/\/laemmle.org\/laeWP\/wp-json\/wp\/v2\/pages\/146\/revisions\/397"}],"wp:featuredmedia":[{"embeddable":true,"href":"https:\/\/laemmle.org\/laeWP\/wp-json\/wp\/v2\/media\/173"}],"wp:attachment":[{"href":"https:\/\/laemmle.org\/laeWP\/wp-json\/wp\/v2\/media?parent=146"}],"curies":[{"name":"wp","href":"https:\/\/api.w.org\/{rel}","templated":true}]}}

<p><a href="https://laemmle.org/laeWP/wp-content/uploads/2018/05/Anna-Mathilde-Hist.pdf"><img decoding="async" loading="lazy" class="alignleft wp-image-180" src="http://laemmle.org/laeWP/wp-content/uploads/2018/05/Annabatch-300x300.jpg" alt="" width="211" height="208"></a></p>
</p>
<p><a href="https://laemmle.org/laeWP/wp-content/uploads/2018/05/Anna-Mathilde-Hist.pdf"><em><strong>&nbsp;Historie der&nbsp; Anna-Mathilde</strong></em></a></p>
<p><a href="https://laemmle.org/laeWP/anna-mathilde-bildergalerie/"><em><strong>Anna-Mathilde Bildergalerie</strong></em></a></p>
</p>


<h4 class="wp-block-heading">Seit 11.08.2018 nicht mehr in unserer Obhut, verkauft an neuen Eigner, der leider nicht in der Lage war das Schiff gebührend zu nutzen und zu pflegen.<br><br>Seit 10.08.2019 daher erneuter Eignerwechsel, wir wünschen dem neuen Eigner mehr Glück bei der Nutzung und Instandhaltung. </h4>



<h4 class="wp-block-heading">Leider hat auch der neue Eigner, nach erfolgreicher Probefahrt unter meiner Anleitung,<br>beim ersten Eigenversuch die untere Pleuellagerspange zerbrochen. Ein reparabler Schaden, aber das Vertrauen in die alte Technik ist dahin und jetzt wird brachial versucht der alten Dame ein modernes Herz (PKW-Motor) einzusetzen. <br>Aus meiner Sicht ein riesiger Aufwand mit unsicherer Erfolgsaussicht.<br>Schade, schade, schade. <br><br>Im Herbst 2023 haben wir von der Scheich Werft erfahren, dass die Katastrophe nun perfekt ist. Unvermögen und Beratungsresistenz haben dazu geführt, das der Motor förmlich herausgerissen wurde und dazu Teile des Oberdecks zerstört wurden. Weiter sind die Dilettanten nicht gekommen. Der Rest wurde dann über Ebay-Kleinanzeige an den Heidepark Soltau veräussert.</h4>



<h4 class="wp-block-heading">13.11.2023 freundliche Mitarbeiter vom Heidepark Soltau haben uns zum Besuch in ihrer Tischlerwerkstatt eingeladen, wo wir den geschundenen Rest des einstmals stolzen Museumsschiffs wiedergefunden haben. Die alte Dame wird jetzt auf ein zweites Leben vorbereitet, um als zentral liegender Kutter im Fahrgeschäft &#8222;Käptn&#8217;s Törn&#8220; als Attraktion zu dienen. Schweren Herzens haben wir noch einige Dinge geborgen, die für diese Zukunft nicht mehr benötigt werden.<br><br>Auch wenn es weh tut, sie hat ein neues Leben nach dem Tod gefunden und die neue Mannschaft kümmert sich begeistert und wirklich liebevoll um ihr Fortbestehen. Wir freuen uns auf ein Wiedersehen im nächsten Jahr in neuem Glanz.<br></h4>



<p></p>

<p>&nbsp;Historie der&nbsp; Anna-Mathilde Anna-Mathilde Bildergalerie Seit 11.08.2018 nicht mehr in unserer Obhut, verkauft an neuen Eigner, der leider nicht in der Lage war das Schiff gebührend zu nutzen und zu pflegen. Seit 10.08.2019 daher erneuter Eignerwechsel, wir wünschen dem neuen Eigner mehr Glück bei der Nutzung und Instandhaltung. Leider hat auch der neue Eigner, nach &hellip; </p>
<p class="link-more"><a href="https://laemmle.org/laeWP/146-2/" class="more-link"><span class="screen-reader-text">„Anna-Mathilde“</span> weiterlesen</a></p>
